{"id":61,"date":"2021-01-14T08:41:52","date_gmt":"2021-01-14T08:41:52","guid":{"rendered":"http:\/\/agacinfrastrutture.comune.re.it\/?page_id=61"},"modified":"2021-05-28T15:50:43","modified_gmt":"2021-05-28T15:50:43","slug":"servizi-erogati","status":"publish","type":"page","link":"https:\/\/agacinfrastrutture.comune.re.it\/?page_id=61","title":{"rendered":"Servizi erogati"},"content":{"rendered":"<p>AGAC Infrastrutture non eroga servizi agli utenti in quanto svolge servizi strumentali per gli enti locali ed \u00e8 una societ\u00e0 degli asset.<\/p>\n<p>Le attivit\u00e0 della societ\u00e0 sono la messa a disposizione delle reti, degli impianti, nonch\u00e9 delle dotazioni funzionali all&#8217;espletamento di servizi pubblici locali con particolare, ma non esclusivo riferimento al servizio idrico integrato e comunque ai servizi di captazione,adduzione e distribuzione di acqua ad usi civili, di fognatura, di depurazione delle acque reflue.<br \/>\nIdeazione, progettazione, realizzazione diretta e gestione di servizi del patrimonio dei Soci Pubblici, con particolare riguardo ad aspetti innovativi nei settori delle tecnologie e dell&#8217;energia e riguardo alla gestione di impianti, anche a rete, di infrastrutture, immobili e, pi\u00f9 in generale, di dotazioni patrimoniali e territoriali dei Soci Pubblici, funzionali alla erogazione di servizi esclusivamente in favore dei Soci pubblici stessi.<\/p>\n","protected":false},"excerpt":{"rendered":"<p>AGAC Infrastrutture non eroga servizi agli utenti in quanto svolge servizi strumentali per gli enti locali ed \u00e8 una societ\u00e0 degli asset. Le attivit\u00e0 della societ\u00e0 sono la messa a disposizione delle reti, degli impianti, nonch\u00e9 delle dotazioni funzionali all&#8217;espletamento di servizi pubblici locali con particolare, ma non esclusivo riferimento al servizio idrico integrato e [&hellip;]<\/p>\n","protected":false},"author":4,"featured_media":0,"parent":0,"menu_order":0,"comment_status":"closed","ping_status":"closed","template":"","meta":{"footnotes":""},"class_list":["post-61","page","type-page","status-publish","hentry"],"_links":{"self":[{"href":"https:\/\/agacinfrastrutture.comune.re.it\/index.php?rest_route=\/wp\/v2\/pages\/61","targetHints":{"allow":["GET"]}}],"collection":[{"href":"https:\/\/agacinfrastrutture.comune.re.it\/index.php?rest_route=\/wp\/v2\/pages"}],"about":[{"href":"https:\/\/agacinfrastrutture.comune.re.it\/index.php?rest_route=\/wp\/v2\/types\/page"}],"author":[{"embeddable":true,"href":"https:\/\/agacinfrastrutture.comune.re.it\/index.php?rest_route=\/wp\/v2\/users\/4"}],"replies":[{"embeddable":true,"href":"https:\/\/agacinfrastrutture.comune.re.it\/index.php?rest_route=%2Fwp%2Fv2%2Fcomments&post=61"}],"version-history":[{"count":4,"href":"https:\/\/agacinfrastrutture.comune.re.it\/index.php?rest_route=\/wp\/v2\/pages\/61\/revisions"}],"predecessor-version":[{"id":186,"href":"https:\/\/agacinfrastrutture.comune.re.it\/index.php?rest_route=\/wp\/v2\/pages\/61\/revisions\/186"}],"wp:attachment":[{"href":"https:\/\/agacinfrastrutture.comune.re.it\/index.php?rest_route=%2Fwp%2Fv2%2Fmedia&parent=61"}],"curies":[{"name":"wp","href":"https:\/\/api.w.org\/{rel}","templated":true}]}}